 the greatest common divisor of 1 and t?
1
Let z(n) = 4*n - 9. Let p(g) = -21*g + 44. Let m(w) = 2*p(w) + 11*z(w). Let x be m(8). What is the highest common factor of 1 and x?
1
Let u be ((-26)/(-4) + 0)*8. Suppose 5*a - 8 = 12. Suppose f + a*m - 5 = 0, -45 = -3*f + 3*m - 0*m. Calculate the highest common divisor of f and u.
13
Let k(z) = -16*z - 4. Let x be k(-1). What is the greatest common factor of 96 and x?
12
Let r be ((-30)/4)/(12/(-16)). What is the highest common divisor of 70 and r?
10
Let u(c) = 53*c**2 + 1. Let d be u(-1). Calculate the highest common divisor of 36 and d.
18
Suppose -4*u - 4 = -208. Let x(y) be the third derivative of y**5/60 - y**4/8 - y**3 - 3*y**2. Let n be x(-5). Calculate the greatest common factor of u and n.
17
Let c = 13 + -6. Let j be (10/(-4))/((-3)/(-6)). Let q(y) = 2*y**2 + 7*y - 1. Let z be q(j). What is the highest common factor of c and z?
7
Let o = 165 - 144. What is the greatest common divisor of 273 and o?
21
Let l(x) = 3*x - 15. Let n be l(11). What is the highest common divisor of n and 54?
18
Let c be ((15 - 0) + -2)/(-1). Let s = 33 + c. What is the highest common factor of 5 and s?
5
Let t = 15 + -42. Let b = -15 - t. What is the highest common factor of b and 6?
6
Let g be (1 + -61)*6/(-4). Suppose 6 = 2*j - 14. Calculate the highest common factor of j and g.
10
Let r(j) = 11*j**2 - 2*j + 1. Let s be r(1). Calculate the greatest common factor of s and 20.
10
Let p = -1 + 0. Let o = 4 - p. Suppose 5*r - 80 = -5*z, 0 = -o*z - 0*z + 5*r + 100. Calculate the highest common factor of 45 and z.
9
Let d(u) = u**3 - 10*u**2 - u + 13. Let i be d(10). Let r be 12/(6/i) - -3. Calculate the greatest common divisor of r and 72.
9
Let l be 19*2 - (10 - 8). What is the highest common factor of 12 and l?
12
Let v(l) = -5*l - 24. Let f be v(-11). Calculate the greatest common factor of f and 217.
31
Let w(m) = -m**2 + 9*m - 6. Let p be w(8). Suppose 2*x - 12 = -v, -2*x - p*v - 48 = -7*x. Calculate the highest common factor of 20 and x.
4
Let o = -40 - -104. What is the highest common factor of o and 32?
32
Let h(n) = -n**2 - n + 41. Let w be h(0). Calculate the greatest common divisor of w and 369.
41
Suppose 5*p = -23 + 103. Calculate the greatest common divisor of 16 and p.
16
Suppose 4*l - 126 = -30. Suppose -3*j + 240 = 2*j. Calculate the highest common factor of j and l.
24
Let f = 3 - 3. Let z be (1 - f)*(3 + -2). Let d = z - -7. Calculate the highest common factor of d and 80.
8
Let p = 322 + -178. Calculate the highest common factor of 18 and p.
18
Suppose -3*x + 5*x - 128 = 0. What is the greatest common divisor of 160 and x?
32
Suppose -78 = -4*f - z, 0 = -2*f - 2*z - 10 + 46. What is the highest common factor of f and 30?
10
Suppose -7 = 3*y + 2*d, -4*y + 0*d - 21 = 5*d. Suppose g - y - 5 = 0. What is the highest common factor of g and 15?
3
Suppose 6*k - 15 = 15. Suppose -4*u - 21 = -101. What is the highest common divisor of u and k?
5
Let d be (-12)/(-3) + -2 - -2. Let s = -40 + 108. Suppose -4*u + 12 = -s. Calculate the highest common factor of u and d.
4
Let c = 3 + -1. Suppose 0 = -5*n + 3*m + 195, -c*n - 3*m - m + 52 = 0. What is the greatest common divisor of 90 and n?
18
Let q(j) = -2*j - 4. Let f be q(-6). Suppose -5*u + 3*x + 72 = 0, -4*x - 12 = -x. What is the highest common divisor of f and u?
4
Let o = -9 + 9. Let r be (o - 0) + (-6)/(-1). Calculate the highest common divisor of r and 9.
3
Let u be -3 + (-9 - -1) - -1. Let l be 16/u - (-6)/10. Let c be (-7)/(1/(0 + l)). Calculate the highest common factor of c and 7.
7
Let l = 5 + -2. Let z = -3 + 9. What is the highest common divisor of z and l?
3
Suppose -3*l = -8 - 7. Suppose -l*k + 3*k - 4*c + 24 = 0, -4*k - 4*c = -32. Suppose 57 = k*y + 13. Calculate the highest common divisor of y and 22.
11
Let a = 31 + -9. What is the greatest common divisor of 2 and a?
2
Let g(q) = q - 56. Let h be g(0). Let v be (24/14)/((-2)/h). Suppose -12 = -w + j, 4*j = -0*w - 5*w + 60. Calculate the greatest common factor of v and w.
12
Let z be 1/(-2) + (-102)/(-12). Suppose 2*i = -2*i + z. Let u = 24 - 14. What is the greatest common divisor of u and i?
2
Suppose r + 2 = n, 2*n - 5*r = -0*r - 5. What is the greatest common divisor of n and 10?
5
Let t = 3 + 1. Suppose -h + 18 = 4*c, 7 = h + 2*c - 5. Suppose -2*o = t*a - 8, -o + 3*o + 2*a - h = 0. What is the highest common divisor of 2 and o?
2
Suppose 0 = 3*v - 7*v + 112. Suppose -w + v = j + j, 0 = 2*w - 4*j - 24. Suppose t = -2*t + 90. What is the highest common divisor of t and w?
10
Let q(s) = s**2 + 2*s - 4. Suppose -5*c + 2 - 17 = 0. Let r be q(c). Let y be (-3 - r) + 29*2. Calculate the highest common divisor of y and 8.
8
Suppose 0 = 2*w - 3*w + 9. What is the highest common divisor of w and 72?
9
Suppose 40 = 8*g - 8. Suppose 0*o + 5*o = 0. Suppose 48 = 2*x - 3*u, o = -2*x - 2*u - 0*u + 28. What is the highest common divisor of g and x?
6
Let w(x) = 2*x**3 + x**2 + 4*x - 7. Let d be w(2). What is the greatest common factor of 14 and d?
7
Let p(y) = -3 + 9 + 2*y + 1 + 4*y + y**2. Let c be p(-5). What is the highest common divisor of c and 5?
1
Let k be (0 - -2)/(6*7/42). What is the greatest common factor of 22 and k?
2
Let h = 496 + -188. Let f = h + -217. Calculate the greatest common factor of f and 13.
13
Suppose 4*f = -4*v + 50 + 30, 110 = 4*f - 2*v. What is the highest common factor of 50 and f?
25
Let n be 0*3/(-12) + -12. Let u = n + 15. Calculate the greatest common factor of u and 3.
3
Let m(h) = h + 7. Let q be m(-5). Suppose 104 = 4*s - 0*o - q*o, o = 5*s - 124. What is the highest common divisor of s and 264?
24
Suppose -o + 5*c = -20, 2*c = 3*o - 22 - 51. Calculate the highest common divisor of o and 175.
25
Suppose h = -5*z - 2*h + 110, 5*z = 4*h + 110. What is the greatest common factor of z and 66?
22
Suppose 4*w = 4, 2*w = 4*y - 3*w - 235. Suppose -y = -6*s + s. What is the highest common divisor of s and 108?
12
Let v = 407 - 164. What is the greatest common factor of v and 27?
27
Let m be ((-33)/(-4) - 3)*8. Suppose 0*q + m = 3*q. Let w be 296/7 + (-2)/7. Calculate the highest common factor of w and q.
14
Let o(s) = 6*s**2 + 2*s. Let j be o(-3). Suppose -4*l = -0*l - j. Calculate the highest common divisor of 48 and l.
12
Let u be 3 + (1 - 3) + 0. Suppose 0 = -2*p + d + 8, -p - 2*d - u - 5 = 0. What is the highest common factor of 14 and p?
2
Suppose -22 = -3*k - 5*x, -4*x + 6 = 4*k - 10. Let o = k + 2. Suppose -4 = -4*t + i + 18, 0 = -4*t - 4*i + 12. Calculate the highest common factor of o and t.
1
Suppose -4*o + 3*b = -9 - 9, o + 1 = -2*b. Let k be (16 - o)*(1 - -4). Calculate the greatest common factor of k and 26.
13
Let j be (2 - (-24)/15)/(1/5). Calculate the greatest common factor of j and 144.
18
Let m(z) = -14*z. Let p be m(-1). Let h(c) = -127*c**3 - 1. Let v be h(-1). What is the highest common factor of v and p?
14
Let v(k) = k. Let c be v(-1). Suppose 6*z = z - 60. Let t be c*5/(10/z). What is the highest common factor of 12 and t?
6
Suppose 97 = 4*n + 4*x - 263, -2*x - 90 = -n. Suppose -n = w - 3*w. Calculate the highest common divisor of 30 and w.
15
Suppose 41*o - 36*o = 100. What is the highest common factor of o and 40?
20
Suppose -2*i - 2*t + 66 = 0, -4*t - 13 = 5*i - 183. Calculate the greatest common factor of i and 266.
38
Let g(u) = u**2 - 4*u - 6. Let i be g(7). Calculate the greatest common divisor of 6 and i.
3
Suppose -4*u - 2 = -3*z - 0*u, 3*z - 3 = 3*u. Let m be 2*(1 + z + -2). Calculate the greatest common divisor of 8 and m.
2
Let k be -2 + 1 + 0 + 2. Let r = k + 1. Suppose -112 = -3*n + r*q, q = 5*n - n - 146. What is the highest common divisor of 4 and n?
4
Let k be ((-1)/(-1))/((-3)/63). Let f be ((-12)/2)/(7/k). Calculate the greatest common factor of f and 27.
9
Let c be 2 - (-4 - -163)/(-3). Suppose -3*f + 38 = 5*i, -27 - 27 = -5*f + i. What is the greatest common factor of c and f?
11
Let k be (-21)/7 - 1*-5. Suppose -c + 5*s - 7 = -5*c, k = 2*c + 4*s. Suppose -c*l + 4 = -17. What is the greatest common divisor of l and 77?
7
Let m be (-3)/(3/(-5)) + -2. Suppose -2*r = 3*u + 2 - 22, 0 = -m*u - 6. Calculate the highest common factor of r and 39.
13
Let o = 5 - -6. Suppose -z + 3*c + 208 = 0, 3*z - 891 = 5*c - 251. Let t = z - 143